{"id":62,"date":"2012-09-15T00:00:00","date_gmt":"2012-09-15T05:00:00","guid":{"rendered":"http:\/\/kmosz-nahc.ca\/hu\/?page_id=62"},"modified":"2012-09-15T00:00:00","modified_gmt":"2012-09-15T05:00:00","slug":"uj-bevandorlok","status":"publish","type":"page","link":"http:\/\/kmosz-nahc.ca\/hu\/uj-bevandorlok\/","title":{"rendered":"\u00daj bev\u00e1ndorl\u00f3k"},"content":{"rendered":"<p>A Kanadai Magyarok Orsz\u00e1gos Sz\u00f6vets\u00e9ge sz\u00edvesen ad tan\u00e1csot azon egy\u00e9neknek, akik leg\u00e1lisan szereztek bev\u00e1ndorl\u00e1st \u00e9s \u00fajonnan \u00e9rkeztek Kanad\u00e1ba, hogy a hozz\u00e1juk legk\u00f6zelebb es\u0151 magyar szervezeteket megtal\u00e1lj\u00e1k s gyorsan tudjanak kapcsolatokat kialak\u00edtani a kanadai magyars\u00e1g k\u00f6r\u00e9ben. Tan\u00e1csad\u00e1s\u00e9rt k\u00e9rj\u00fck \u00edrja meg nev\u00e9t \u00e9s c\u00edm\u00e9t a k\u00f6vetkez\u0151 e-mail el\u00e9rhet\u0151s\u00e9gre: <a title=\"\" href=\"mailto:info@kmosz-nahc.ca\" target=\"_blank\">info@kmosz-nahc.ca<\/a>, vagy l\u00e1togassa meg tagszervezeteink weboldalait. Szeretn\u00e9nk felh\u00edvni figyelm\u00fcket, hogy n\u00e9vtelen levelekre nincs m\u00f3dunk v\u00e1laszolni. FONTOS: A Kanadai Magyarok Orsz\u00e1gos Sz\u00f6vets\u00e9ge nem foglalkozik emigr\u00e1ci\u00f3s \u00fcgyek int\u00e9z\u00e9s\u00e9vel. A kiv\u00e1ndorl\u00e1st \u00e9rint\u0151, valamint a v\u00edzummal kapcsolatos \u00fcgyek int\u00e9z\u00e9s\u00e9t a b\u00e9csi Kanadai Nagyk\u00f6vets\u00e9g int\u00e9zi. B\u0151vebb inform\u00e1ci\u00f3 a kanadai sz\u00f6vets\u00e9gi korm\u00e1ny v\u00edzum \u00e9s bev\u00e1ndorl\u00e1si \u00fcgyek weboldal\u00e1n tal\u00e1lhat\u00f3 <a href=\"http:\/\/www.canadainternational.gc.ca\/ci-ci\/Immigration-Immigrer.aspx?menu_id=3\" target=\"_blank\">itt<\/a>. Kiv\u00e1ndorolni egy idegen orsz\u00e1gba \u00e9s \u00faj \u00e9letet kezdeni ismeretlen k\u00f6rnyezetben nem k\u00f6nny\u0171 feladat. A beilleszked\u00e9s szakasz\u00e1ban az emigr\u00e1nsoknak sz\u00e1mos kihiv\u00e1ssal kell szembes\u00fclni\u00fck, hogy integr\u00e1l\u00f3djanak az \u00faj t\u00e1rsadalomba, kult\u00far\u00e1ba. A al\u00e1bbikban n\u00e9h\u00e1ny olyan el\u00e9rhet\u0151s\u00e9get tesz\u00fcnk k\u00f6zz\u00e9 (angol nyelven) amely ismerteti a a kanadai kult\u00fara \u00e9rt\u00e9krendszer\u00e9t \u00e9s seg\u00edt a beilleszked\u00e9s szakasz\u00e1ban.<\/p>\n<ul>\n<li>Adjusting to life in Canada: <a title=\"\" href=\"http:\/\/www.cic.gc.ca\/english\/newcomers\/after-life.asp\" target=\"_blank\">http:\/\/www.cic.gc.ca\/english\/newcomers\/after-life.asp<\/a><\/li>\n<li>Adapt to a new culture: <a title=\"\" href=\"http:\/\/www.cic.gc.ca\/english\/newcomers\/after-life-shock.asp\" target=\"_blank\">http:\/\/www.cic.gc.ca\/english\/newcomers\/after-life-shock.asp<\/a><\/li>\n<li>Start your life in Canada: <a title=\"\" href=\"http:\/\/www.cic.gc.ca\/english\/newcomers\/live\/index.asp\" target=\"_blank\">http:\/\/www.cic.gc.ca\/english\/newcomers\/live\/index.asp<\/a><\/li>\n<li>Answer a few simple questions to get the help you need to settle in Canada and learn all about living here: <a title=\"\" href=\"http:\/\/www.cic.gc.ca\/lctvac\/english\/index\" target=\"_blank\">http:\/\/www.cic.gc.ca\/lctvac\/english\/index<\/a><\/li>\n<li>Find immigrant services in your area: <a title=\"\" href=\"http:\/\/www.cic.gc.ca\/english\/newcomers\/map\/services.asp\" target=\"_blank\">http:\/\/www.cic.gc.ca\/english\/newcomers\/map\/services.asp<\/a><\/li>\n<li>The Canadian Translators, Terminologists and Interpreters Council: <a title=\"\" href=\"http:\/\/www.cttic.org\/mission.asp\" target=\"_blank\">http:\/\/www.cttic.org\/mission.asp<\/a><\/li>\n<\/ul>\n","protected":false},"excerpt":{"rendered":"<p>A Kanadai Magyarok Orsz\u00e1gos Sz\u00f6vets\u00e9ge sz\u00edvesen ad tan\u00e1csot azon egy\u00e9neknek, akik leg\u00e1lisan szereztek bev\u00e1ndorl\u00e1st \u00e9s \u00fajonnan \u00e9rkeztek Kanad\u00e1ba, hogy a hozz\u00e1juk legk\u00f6zelebb es\u0151 magyar szervezeteket megtal\u00e1lj\u00e1k s gyorsan tudjanak kapcsolatokat kialak\u00edtani a kanadai magyars\u00e1g k\u00f6r\u00e9ben. Tan\u00e1csad\u00e1s\u00e9rt k\u00e9rj\u00fck \u00edrja meg nev\u00e9t \u00e9s c\u00edm\u00e9t a k\u00f6vetkez\u0151 e-mail el\u00e9rhet\u0151s\u00e9gre: info@kmosz-nahc.ca, vagy l\u00e1togassa meg tagszervezeteink weboldalait. Szeretn\u00e9nk felh\u00edvni figyelm\u00fcket, &hellip; <a href=\"http:\/\/kmosz-nahc.ca\/hu\/uj-bevandorlok\/\" class=\"more-link\"><span class=\"screen-reader-text\">&#8222;\u00daj bev\u00e1ndorl\u00f3k&#8221;<\/span> b\u0151vebben<\/a><\/p>\n","protected":false},"author":1,"featured_media":0,"parent":0,"menu_order":65,"comment_status":"closed","ping_status":"closed","template":"","meta":[],"_links":{"self":[{"href":"http:\/\/kmosz-nahc.ca\/hu\/wp-json\/wp\/v2\/pages\/62"}],"collection":[{"href":"http:\/\/kmosz-nahc.ca\/hu\/wp-json\/wp\/v2\/pages"}],"about":[{"href":"http:\/\/kmosz-nahc.ca\/hu\/wp-json\/wp\/v2\/types\/page"}],"author":[{"embeddable":true,"href":"http:\/\/kmosz-nahc.ca\/hu\/wp-json\/wp\/v2\/users\/1"}],"replies":[{"embeddable":true,"href":"http:\/\/kmosz-nahc.ca\/hu\/wp-json\/wp\/v2\/comments?post=62"}],"version-history":[{"count":0,"href":"http:\/\/kmosz-nahc.ca\/hu\/wp-json\/wp\/v2\/pages\/62\/revisions"}],"wp:attachment":[{"href":"http:\/\/kmosz-nahc.ca\/hu\/wp-json\/wp\/v2\/media?parent=62"}],"curies":[{"name":"wp","href":"https:\/\/api.w.org\/{rel}","templated":true}]}}

Új bevándorlók

<p>A Kanadai Magyarok Országos Szövetsége szívesen ad tanácsot azon egyéneknek, akik legálisan szereztek bevándorlást és újonnan érkeztek Kanadába, hogy a hozzájuk legközelebb eső magyar szervezeteket megtalálják s gyorsan tudjanak kapcsolatokat kialakítani a kanadai magyarság körében. Tanácsadásért kérjük írja meg nevét és címét a következő e-mail elérhetőségre: <a title="" href="mailto:info@kmosz-nahc.ca" target="_blank">info@kmosz-nahc.ca</a>, vagy látogassa meg tagszervezeteink weboldalait. Szeretnénk felhívni figyelmüket, hogy névtelen levelekre nincs módunk válaszolni. FONTOS: A Kanadai Magyarok Országos Szövetsége nem foglalkozik emigrációs ügyek intézésével. A kivándorlást érintő, valamint a vízummal kapcsolatos ügyek intézését a bécsi Kanadai Nagykövetség intézi. Bővebb információ a kanadai szövetségi kormány vízum és bevándorlási ügyek weboldalán található <a href="http://www.canadainternational.gc.ca/ci-ci/Immigration-Immigrer.aspx?menu_id=3" target="_blank">itt</a>. Kivándorolni egy idegen országba és új életet kezdeni ismeretlen környezetben nem könnyű feladat. A beilleszkedés szakaszában az emigránsoknak számos kihivással kell szembesülniük, hogy integrálódjanak az új társadalomba, kultúrába. A alábbikban néhány olyan elérhetőséget teszünk közzé (angol nyelven) amely ismerteti a a kanadai kultúra értékrendszerét és segít a beilleszkedés szakaszában.</p>
<ul>
<li>Adjusting to life in Canada: <a title="" href="http://www.cic.gc.ca/english/newcomers/after-life.asp" target="_blank">http://www.cic.gc.ca/english/newcomers/after-life.asp</a></li>
<li>Adapt to a new culture: <a title="" href="http://www.cic.gc.ca/english/newcomers/after-life-shock.asp" target="_blank">http://www.cic.gc.ca/english/newcomers/after-life-shock.asp</a></li>
<li>Start your life in Canada: <a title="" href="http://www.cic.gc.ca/english/newcomers/live/index.asp" target="_blank">http://www.cic.gc.ca/english/newcomers/live/index.asp</a></li>
<li>Answer a few simple questions to get the help you need to settle in Canada and learn all about living here: <a title="" href="http://www.cic.gc.ca/lctvac/english/index" target="_blank">http://www.cic.gc.ca/lctvac/english/index</a></li>
<li>Find immigrant services in your area: <a title="" href="http://www.cic.gc.ca/english/newcomers/map/services.asp" target="_blank">http://www.cic.gc.ca/english/newcomers/map/services.asp</a></li>
<li>The Canadian Translators, Terminologists and Interpreters Council: <a title="" href="http://www.cttic.org/mission.asp" target="_blank">http://www.cttic.org/mission.asp</a></li>
</ul>

<p>A Kanadai Magyarok Országos Szövetsége szívesen ad tanácsot azon egyéneknek, akik legálisan szereztek bevándorlást és újonnan érkeztek Kanadába, hogy a hozzájuk legközelebb eső magyar szervezeteket megtalálják s gyorsan tudjanak kapcsolatokat kialakítani a kanadai magyarság körében. Tanácsadásért kérjük írja meg nevét és címét a következő e-mail elérhetőségre: info@kmosz-nahc.ca, vagy látogassa meg tagszervezeteink weboldalait. Szeretnénk felhívni figyelmüket, &hellip; <a href="http://kmosz-nahc.ca/hu/uj-bevandorlok/" class="more-link"><span class="screen-reader-text">&#8222;Új bevándorlók&#8221;</span> bővebben</a></p>
